{"id":6204,"date":"2021-11-05T04:10:12","date_gmt":"2021-11-05T03:10:12","guid":{"rendered":"https:\/\/campus.ecovalia.org\/eva\/?page_id=6204"},"modified":"2021-11-10T15:18:13","modified_gmt":"2021-11-10T14:18:13","slug":"quienes-somos","status":"publish","type":"page","link":"https:\/\/campus.ecovalia.org\/eva\/quienes-somos\/","title":{"rendered":"Quienes Somos"},"content":{"rendered":"[vc_row type=&#8221;in_container&#8221; full_screen_row_position=&#8221;middle&#8221; column_margin=&#8221;default&#8221; column_direction=&#8221;default&#8221; column_direction_tablet=&#8221;default&#8221; column_direction_phone=&#8221;default&#8221; scene_position=&#8221;center&#8221; text_color=&#8221;dark&#8221; text_align=&#8221;left&#8221; row_border_radius=&#8221;none&#8221; row_border_radius_applies=&#8221;bg&#8221; overlay_strength=&#8221;0.3&#8243; gradient_direction=&#8221;left_to_right&#8221; shape_divider_position=&#8221;bottom&#8221; bg_image_animation=&#8221;none&#8221;][vc_column column_padding=&#8221;no-extra-padding&#8221; column_padding_tablet=&#8221;inherit&#8221; column_padding_phone=&#8221;inherit&#8221; column_padding_position=&#8221;all&#8221; background_color_opacity=&#8221;1&#8243; background_hover_color_opacity=&#8221;1&#8243; column_shadow=&#8221;none&#8221; column_border_radius=&#8221;none&#8221; column_link_target=&#8221;_self&#8221; gradient_direction=&#8221;left_to_right&#8221; overlay_strength=&#8221;0.3&#8243; width=&#8221;1\/1&#8243; tablet_width_inherit=&#8221;default&#8221; tablet_text_alignment=&#8221;default&#8221; phone_text_alignment=&#8221;default&#8221; column_border_width=&#8221;none&#8221; column_border_style=&#8221;solid&#8221; bg_image_animation=&#8221;none&#8221;][divider line_type=&#8221;No Line&#8221;][vc_column_text]\n<p style=\"font-weight: 400;\">Nos avala nuestra larga experiencia en formaci\u00f3n y capacitaci\u00f3n en producci\u00f3n ecol\u00f3gica.<\/p>\n<p style=\"font-weight: 400;\">Somos una entidad sin \u00e1nimo de lucro, convertida hoy d\u00eda en la asociaci\u00f3n profesional de referencia dentro del sector ecol\u00f3gico espa\u00f1ol, con amplia representaci\u00f3n tambi\u00e9n fuera de nuestras fronteras.<\/p>\n<p style=\"font-weight: 400;\">En 1996 iniciamos nuestra labor en torno a la formaci\u00f3n de los productores ecol\u00f3gicos que deseaban iniciar su actividad en este sector. A lo largo de estos 25 a\u00f1os de trayectoria han participado m\u00e1s de 10.000 personas en nuestras actividades formativas. Durante este tiempo, hemos ampliado el perfil de los destinatarios y las tem\u00e1ticas, ajust\u00e1ndonos a las necesidades de desarrollo de este sector.<\/p>\n[\/vc_column_text][\/vc_column][\/vc_row]\n","protected":false},"excerpt":{"rendered":"<p>[vc_row type=&#8221;in_container&#8221; full_screen_row_position=&#8221;middle&#8221; column_margin=&#8221;default&#8221; column_direction=&#8221;default&#8221; column_direction_tablet=&#8221;default&#8221; column_direction_phone=&#8221;default&#8221; scene_position=&#8221;center&#8221; text_color=&#8221;dark&#8221; text_align=&#8221;left&#8221; row_border_radius=&#8221;none&#8221; row_border_radius_applies=&#8221;bg&#8221; overlay_strength=&#8221;0.3&#8243; gradient_direction=&#8221;left_to_right&#8221; shape_divider_position=&#8221;bottom&#8221; bg_image_animation=&#8221;none&#8221;][vc_column column_padding=&#8221;no-extra-padding&#8221; column_padding_tablet=&#8221;inherit&#8221; column_padding_phone=&#8221;inherit&#8221; column_padding_position=&#8221;all&#8221; background_color_opacity=&#8221;1&#8243; background_hover_color_opacity=&#8221;1&#8243; column_shadow=&#8221;none&#8221; column_border_radius=&#8221;none&#8221; column_link_target=&#8221;_self&#8221; gradient_direction=&#8221;left_to_right&#8221; overlay_strength=&#8221;0.3&#8243; width=&#8221;1\/1&#8243; tablet_width_inherit=&#8221;default&#8221; tablet_text_alignment=&#8221;default&#8221;&#8230;<\/p>\n","protected":false},"author":34,"featured_media":0,"parent":0,"menu_order":0,"comment_status":"closed","ping_status":"closed","template":"","meta":[],"_links":{"self":[{"href":"https:\/\/campus.ecovalia.org\/eva\/wp-json\/wp\/v2\/pages\/6204"}],"collection":[{"href":"https:\/\/campus.ecovalia.org\/eva\/wp-json\/wp\/v2\/pages"}],"about":[{"href":"https:\/\/campus.ecovalia.org\/eva\/wp-json\/wp\/v2\/types\/page"}],"author":[{"embeddable":true,"href":"https:\/\/campus.ecovalia.org\/eva\/wp-json\/wp\/v2\/users\/34"}],"replies":[{"embeddable":true,"href":"https:\/\/campus.ecovalia.org\/eva\/wp-json\/wp\/v2\/comments?post=6204"}],"version-history":[{"count":6,"href":"https:\/\/campus.ecovalia.org\/eva\/wp-json\/wp\/v2\/pages\/6204\/revisions"}],"predecessor-version":[{"id":6253,"href":"https:\/\/campus.ecovalia.org\/eva\/wp-json\/wp\/v2\/pages\/6204\/revisions\/6253"}],"wp:attachment":[{"href":"https:\/\/campus.ecovalia.org\/eva\/wp-json\/wp\/v2\/media?parent=6204"}],"curies":[{"name":"wp","href":"https:\/\/api.w.org\/{rel}","templated":true}]}}

[vc_row type=&#8221;in_container&#8221; full_screen_row_position=&#8221;middle&#8221; column_margin=&#8221;default&#8221; column_direction=&#8221;default&#8221; column_direction_tablet=&#8221;default&#8221; column_direction_phone=&#8221;default&#8221; scene_position=&#8221;center&#8221; text_color=&#8221;dark&#8221; text_align=&#8221;left&#8221; row_border_radius=&#8221;none&#8221; row_border_radius_applies=&#8221;bg&#8221; overlay_strength=&#8221;0.3&#8243; gradient_direction=&#8221;left_to_right&#8221; shape_divider_position=&#8221;bottom&#8221; bg_image_animation=&#8221;none&#8221;][vc_column column_padding=&#8221;no-extra-padding&#8221; column_padding_tablet=&#8221;inherit&#8221; column_padding_phone=&#8221;inherit&#8221; column_padding_position=&#8221;all&#8221; background_color_opacity=&#8221;1&#8243; background_hover_color_opacity=&#8221;1&#8243; column_shadow=&#8221;none&#8221; column_border_radius=&#8221;none&#8221; column_link_target=&#8221;_self&#8221; gradient_direction=&#8221;left_to_right&#8221; overlay_strength=&#8221;0.3&#8243; width=&#8221;1/1&#8243; tablet_width_inherit=&#8221;default&#8221; tablet_text_alignment=&#8221;default&#8221; phone_text_alignment=&#8221;default&#8221; column_border_width=&#8221;none&#8221; column_border_style=&#8221;solid&#8221; bg_image_animation=&#8221;none&#8221;][divider line_type=&#8221;No Line&#8221;][vc_column_text]
<p style="font-weight: 400;">Nos avala nuestra larga experiencia en formación y capacitación en producción ecológica.</p>
<p style="font-weight: 400;">Somos una entidad sin ánimo de lucro, convertida hoy día en la asociación profesional de referencia dentro del sector ecológico español, con amplia representación también fuera de nuestras fronteras.</p>
<p style="font-weight: 400;">En 1996 iniciamos nuestra labor en torno a la formación de los productores ecológicos que deseaban iniciar su actividad en este sector. A lo largo de estos 25 años de trayectoria han participado más de 10.000 personas en nuestras actividades formativas. Durante este tiempo, hemos ampliado el perfil de los destinatarios y las temáticas, ajustándonos a las necesidades de desarrollo de este sector.</p>
[/vc_column_text][/vc_column][/vc_row]
